{"id":61,"date":"2015-06-26T10:28:47","date_gmt":"2015-06-26T10:28:47","guid":{"rendered":"http:\/\/diener-familie.ch\/wordpress\/?page_id=61"},"modified":"2024-02-19T08:18:41","modified_gmt":"2024-02-19T08:18:41","slug":"entstehungsgeschichte","status":"publish","type":"page","link":"https:\/\/diener-familie.ch\/wordpress\/?page_id=61","title":{"rendered":"Entstehungsgeschichte"},"content":{"rendered":"<p><span style=\"font-size: 1rem;\">Mein Grossvater Heinrich Diener (1901-1969) war ein leidenschaftlicher J\u00e4ger. Der heimische Wald in Wetzikon war ihm bald einmal zu klein, weshalb er mit St. Galler Jagdkollegen auch am S\u00fcdhang der Churfirsten auf die Pirsch ging. Einmal hatten sie sich so verstiegen, dass sie nur mit gr\u00f6sster M\u00fche bis nach Quinten absteigen konnten. So kam er zum ersten Mal mit dem malerischen D\u00f6rfchen am See in Kontakt.<\/span><\/p>\n<p>Dieses Erlebnis schien ihm Eindruck gemacht zu haben, kaufte er doch 1936 im D\u00f6rfli ein Haus und 1953 das kleine Restaurant Au, um es umzubauen und dann zu verpachten. Da in der Schreinerei nach dem Krieg teilweise wenig Arbeit vorhanden war, entschloss er sich, das durch Abwanderung freiwerdende Land zu kaufen und darauf Ferienh\u00e4user zu bauen. Dazu musste aber erst die Stromerschliessung von Quinten erfolgen. Dies dauerte von groben Ideen 1933 bis zum ersten Licht 1951 doch viele Jahre. In den 1950er Jahren entstanden in der Au neun H\u00e4user und in den 1960er hier in der Laui sechs. Meist bauten drei Arbeiter ein Haus pro Jahr, welches auch gleich wieder verkauft wurde.<\/p>\n<p>Das ganze Material musste mit dem Ledischiff \u00fcber den See und dann mit dem Rapid-Einachser auf den Bauplatz transportiert werden. Alle Arbeiten, auch der Aushub, wurden von Hand ausgef\u00fchrt!<\/p>\n<p>Dieses Haus hier ist das zweitj\u00fcngste und wurde 1965 erstellt. Ab 2007 wurden j\u00e4hrliche Erneuerungen ausgef\u00fchrt, so dass es jetzt wintertauglich ist und mit Photovoltaik und Batterie ein Grossteil des Stromes selber produziert. Das Abwasser wird f\u00fcr die ganze Laui in einer Kleinkl\u00e4ranlage behandelt. Das Wasser stammt aus einer kleinen Quelle oberhalb von Quinten und wird erg\u00e4nzt durch Quellwasser aus dem Murgtal (Seeleitung).<\/p>\n<p>Das Haus nebenan ist das zuletzt gebaute und wird von meinem Bruder mit Familie bewohnt. Mein Grossvater starb 1969, mein Vater, auch Heinrich, der die Liegenschaften danach pflegte, im Jahre 2003. Jetzt versuche ich das Spezielle an Quinten zu erhalten.<\/p>\n<p>Die sch\u00f6ne Wiese Richtung Weesen wird als Magerwiese bewirtschaftet und dient den Ziegen als Nahrung. Der Wald wird nur als Brennholzlieferant genutzt und sonst der Natur \u00fcberlassen. In der Schlucht beim westlichen Waldrand k\u00f6nnen wir im Fr\u00fchling jeweils eine Lawine, eben die \u201eLaui\u201c bestaunen. In strengen Wintern reicht sie bis auf die Wiese hinaus und an den Wanderweg hinunter.<\/p>\n<p>Markus Diener<\/p>\n<p>&nbsp;<\/p>\n","protected":false},"excerpt":{"rendered":"<p>Mein Grossvater Heinrich Diener (1901-1969) war ein leidenschaftlicher J\u00e4ger. Der heimische Wald in Wetzikon war ihm bald einmal zu klein, weshalb er mit St. Galler Jagdkollegen auch am S\u00fcdhang der Churfirsten auf die Pirsch ging. Einmal hatten sie sich so verstiegen, dass sie nur mit gr\u00f6sster M\u00fche bis nach Quinten absteigen konnten. So kam er [&hellip;]<\/p>\n","protected":false},"author":1,"featured_media":0,"parent":44,"menu_order":0,"comment_status":"closed","ping_status":"closed","template":"page-templates\/full-width.php","meta":{"footnotes":""},"class_list":["post-61","page","type-page","status-publish","hentry"],"_links":{"self":[{"href":"https:\/\/diener-familie.ch\/wordpress\/index.php?rest_route=\/wp\/v2\/pages\/61","targetHints":{"allow":["GET"]}}],"collection":[{"href":"https:\/\/diener-familie.ch\/wordpress\/index.php?rest_route=\/wp\/v2\/pages"}],"about":[{"href":"https:\/\/diener-familie.ch\/wordpress\/index.php?rest_route=\/wp\/v2\/types\/page"}],"author":[{"embeddable":true,"href":"https:\/\/diener-familie.ch\/wordpress\/index.php?rest_route=\/wp\/v2\/users\/1"}],"replies":[{"embeddable":true,"href":"https:\/\/diener-familie.ch\/wordpress\/index.php?rest_route=%2Fwp%2Fv2%2Fcomments&post=61"}],"version-history":[{"count":6,"href":"https:\/\/diener-familie.ch\/wordpress\/index.php?rest_route=\/wp\/v2\/pages\/61\/revisions"}],"predecessor-version":[{"id":391,"href":"https:\/\/diener-familie.ch\/wordpress\/index.php?rest_route=\/wp\/v2\/pages\/61\/revisions\/391"}],"up":[{"embeddable":true,"href":"https:\/\/diener-familie.ch\/wordpress\/index.php?rest_route=\/wp\/v2\/pages\/44"}],"wp:attachment":[{"href":"https:\/\/diener-familie.ch\/wordpress\/index.php?rest_route=%2Fwp%2Fv2%2Fmedia&parent=61"}],"curies":[{"name":"wp","href":"https:\/\/api.w.org\/{rel}","templated":true}]}}

<p><span style="font-size: 1rem;">Mein Grossvater Heinrich Diener (1901-1969) war ein leidenschaftlicher Jäger. Der heimische Wald in Wetzikon war ihm bald einmal zu klein, weshalb er mit St. Galler Jagdkollegen auch am Südhang der Churfirsten auf die Pirsch ging. Einmal hatten sie sich so verstiegen, dass sie nur mit grösster Mühe bis nach Quinten absteigen konnten. So kam er zum ersten Mal mit dem malerischen Dörfchen am See in Kontakt.</span></p>
<p>Dieses Erlebnis schien ihm Eindruck gemacht zu haben, kaufte er doch 1936 im Dörfli ein Haus und 1953 das kleine Restaurant Au, um es umzubauen und dann zu verpachten. Da in der Schreinerei nach dem Krieg teilweise wenig Arbeit vorhanden war, entschloss er sich, das durch Abwanderung freiwerdende Land zu kaufen und darauf Ferienhäuser zu bauen. Dazu musste aber erst die Stromerschliessung von Quinten erfolgen. Dies dauerte von groben Ideen 1933 bis zum ersten Licht 1951 doch viele Jahre. In den 1950er Jahren entstanden in der Au neun Häuser und in den 1960er hier in der Laui sechs. Meist bauten drei Arbeiter ein Haus pro Jahr, welches auch gleich wieder verkauft wurde.</p>
<p>Das ganze Material musste mit dem Ledischiff über den See und dann mit dem Rapid-Einachser auf den Bauplatz transportiert werden. Alle Arbeiten, auch der Aushub, wurden von Hand ausgeführt!</p>
<p>Dieses Haus hier ist das zweitjüngste und wurde 1965 erstellt. Ab 2007 wurden jährliche Erneuerungen ausgeführt, so dass es jetzt wintertauglich ist und mit Photovoltaik und Batterie ein Grossteil des Stromes selber produziert. Das Abwasser wird für die ganze Laui in einer Kleinkläranlage behandelt. Das Wasser stammt aus einer kleinen Quelle oberhalb von Quinten und wird ergänzt durch Quellwasser aus dem Murgtal (Seeleitung).</p>
<p>Das Haus nebenan ist das zuletzt gebaute und wird von meinem Bruder mit Familie bewohnt. Mein Grossvater starb 1969, mein Vater, auch Heinrich, der die Liegenschaften danach pflegte, im Jahre 2003. Jetzt versuche ich das Spezielle an Quinten zu erhalten.</p>
<p>Die schöne Wiese Richtung Weesen wird als Magerwiese bewirtschaftet und dient den Ziegen als Nahrung. Der Wald wird nur als Brennholzlieferant genutzt und sonst der Natur überlassen. In der Schlucht beim westlichen Waldrand können wir im Frühling jeweils eine Lawine, eben die „Laui“ bestaunen. In strengen Wintern reicht sie bis auf die Wiese hinaus und an den Wanderweg hinunter.</p>
<p>Markus Diener</p>
<p>&nbsp;</p>

<p>Mein Grossvater Heinrich Diener (1901-1969) war ein leidenschaftlicher Jäger. Der heimische Wald in Wetzikon war ihm bald einmal zu klein, weshalb er mit St. Galler Jagdkollegen auch am Südhang der Churfirsten auf die Pirsch ging. Einmal hatten sie sich so verstiegen, dass sie nur mit grösster Mühe bis nach Quinten absteigen konnten. So kam er [&hellip;]</p>
